mainder when 90590 is divided by 20.
10
Calculate the remainder when 4356 is divided by 875.
856
What is the remainder when 420 is divided by 9?
6
What is the remainder when 138742 is divided by 213?
79
Calculate the remainder when 1446 is divided by 193.
95
What is the remainder when 11891 is divided by 26?
9
What is the remainder when 3613437 is divided by 13?
9
Calculate the remainder when 15474 is divided by 754.
394
What is the remainder when 11072 is divided by 48?
32
What is the remainder when 3561 is divided by 222?
9
Calculate the remainder when 10650 is divided by 10613.
37
What is the remainder when 12232 is divided by 2976?
328
What is the remainder when 35320 is divided by 343?
334
What is the remainder when 690 is divided by 76?
6
Calculate the remainder when 357 is divided by 144.
69
What is the remainder when 15004 is divided by 35?
24
Calculate the remainder when 50556 is divided by 12633.
24
What is the remainder when 334 is divided by 308?
26
Calculate the remainder when 15279 is divided by 15122.
157
Calculate the remainder when 2992 is divided by 104.
80
Calculate the remainder when 4544 is divided by 4504.
40
What is the remainder when 69091 is divided by 30?
1
Calculate the remainder when 23582 is divided by 1364.
394
What is the remainder when 8934 is divided by 379?
217
Calculate the remainder when 311021 is divided by 33.
29
What is the remainder when 161422 is divided by 57?
55
Calculate the remainder when 37500 is divided by 1500.
0
Calculate the remainder when 1158080 is divided by 878.
876
What is the remainder when 2741883 is divided by 42?
39
Calculate the remainder when 572028 is divided by 286012.
4
Calculate the remainder when 611376 is divided by 83.
81
What is the remainder when 188204 is divided by 9?
5
Calculate the remainder when 56169 is divided by 410.
409
What is the remainder when 24700 is divided by 13?
0
Calculate the remainder when 456800 is divided by 7.
1
What is the remainder when 2249 is divided by 2110?
139
What is the remainder when 90438 is divided by 603?
591
What is the remainder when 4514 is divided by 1265?
719
Calculate the remainder when 1446 is divided by 467.
45
What is the remainder when 340762 is divided by 81?
76
What is the remainder when 585 is divided by 45?
0
What is the remainder when 6734 is divided by 1380?
1214
Calculate the remainder when 6364 is divided by 108.
100
Calculate the remainder when 1260934 is divided by 24.
22
Calculate the remainder when 3353 is divided by 1670.
13
What is the remainder when 156612 is divided by 3480?
12
What is the remainder when 8699 is divided by 2823?
230
What is the remainder when 10431 is divided by 3454?
69
Calculate the remainder when 5435 is divided by 543.
5
What is the remainder when 38450 is divided by 126?
20
What is the remainder when 390875 is divided by 1334?
13
What is the remainder when 25166 is divided by 242?
240
What is the remainder when 1011 is divided by 41?
27
Calculate the remainder when 637702 is divided by 34.
32
Calculate the remainder when 2524 is divided by 30.
4
Calculate the remainder when 503087 is divided by 94.
93
Calculate the remainder when 7034 is divided by 369.
23
Calculate the remainder when 20316 is divided by 127.
123
What is the remainder when 29576 is divided by 23?
21
What is the remainder when 3582 is divided by 145?
102
Calculate the remainder when 13314 is divided by 3238.
362
What is the remainder when 34066 is divided by 757?
1
What is the remainder when 4405 is divided by 1440?
85
What is the remainder when 727556 is divided by 242492?
80
Calculate the remainder when 88032 is divided by 167.
23
Calculate the remainder when 108594 is divided by 108584.
10
Calculate the remainder when 14062 is divided by 380.
2
Calculate the remainder when 13048 is divided by 256.
248
What is the remainder when 642985 is divided by 116?
113
What is the remainder when 3140 is divided by 60?
20
Calculate the remainder when 2306 is divided by 1346.
960
Calculate the remainder when 24127 is divided by 926.
51
What is the remainder when 28510 is divided by 5700?
10
Calculate the remainder when 992843 is divided by 2.
1
What is the remainder when 7585 is divided by 2127?
1204
What is the remainder when 43958 is divided by 148?
2
What is the remainder when 1814 is divided by 120?
14
Calculate the remainder when 329075 is divided by 606.
17
Calculate the remainder when 306162 is divided by 133.
129
What is the remainder when 26802 is divided by 50?
2
What is the remainder when 14213 is divided by 3548?
21
What is the remainder when 1890 is divided by 470?
10
What is the remainder when 28764 is divided by 81?
9
Calculate the remainder when 169532 is divided by 100.
32
Calculate the remainder when 1358 is divided by 1313.
45
What is the remainder when 762 is divided by 125?
12
Calculate the remainder when 1101583 is divided by 47.
44
Calculate the remainder when 213449 is divided by 386.
377
What is the remainder when 77378 is divided by 20?
18
What is the remainder when 395027 is divided by 628?
15
Calculate the remainder when 7415 is divided by 1227.
53
Calculate the remainder when 3247 is divided by 1077.
16
Calculate the remainder when 313206 is divided by 27.
6
Calculate the remainder when 175545 is divided by 627.
612
What is the remainder when 505116 is divided by 198?
18
Calculate the remainder when 15650 is divided by 22.
8
Calculate the remainder when 366344 is divided by 42.
20
What is the remainder when 6106 is divided by 1214?
36
What is the remainder when 4174 is divided by 89?
80
What is the remainder when 841 is divided by 421?
420
Calculate the remainder when 10767 is divided by 39.
3
Calculate the remainder when 3125 is divided by 224.
213
Calculate the remainder when 3382 is divided by 659.
87
What is the remainder when 12952 is divided by 1438?
10
What is the remainder when 6204 is divided by 3084?
36
Calculate the remainder when 4392 is divided by 2193.
6
What is the remainder when 15700 is divided by 34?
26
What is the remainder when 5115 is divided by 1702?
9
What is the remainder when 18941 is divided by 32?
29
What is the remainder when 175199 is divided by 12510?
59
What is the remainder when 723722 is divided by 1687?
1686
What is the remainder when 4945 is divided by 66?
61
Calculate the remainder when 493946 is divided by 161.
159
What is the remainder when 1255 is divided by 82?
25
Calculate the remainder when 5069 is divided by 491.
159
Calculate the remainder when 710506 is divided by 236826.
28
What is the remainder when 923 is divided by 855?
68
What is the remainder when 1145 is divided by 874?
271
Calculate the remainder when 5251 is divided by 25.
1
Calculate the remainder when 95179 is divided by 121.
73
Calculate the remainder when 351 is divided by 224.
127
What is the remainder when 62329 is divided by 1222?
7
Calculate the remainder when 32730 is divided by 8181.
6
What is the remainder when 5085 is divided by 964?
265
Calculate the remainder when 72577 is divided by 930.
37
What is the remainder when 5669 is divided by 306?
161
What is the remainder when 28703 is divided by 24?
23
What is the remainder when 71742 is divided by 170?
2
Calculate the remainder when 27870 is divided by 167.
148
What is the remainder when 13829 is divided by 691?
9
What is the remainder when 708 is divided by 676?
32
Calculate the remainder when 6757475 is divided by 214.
211
What is the remainder when 922 is divided by 446?
30
What is the remainder when 28574 is divided by 3164?
98
Calculate the remainder when 107900 is divided by 107898.
2
Calculate the remainder when 2772 is divided by 90.
72
What is the remainder when 5571 is divided by 163?
29
What is the remainder when 3712 is divided by 772?
624
Calculate the remainder when 12548 is divided by 405.
398
What is the remainder when 9475 is divided by 109?
101
Calculate the remainder when 407977 is divided by 39.
37
What is the remainder when 28612 is divided by 4086?
10
What is the remainder when 12449 is divided by 44?
41
What is the remainder when 18162 is divided by 104?
66
What is the remainder when 960488 is divided by 480240?
8
What is the remainder when 873759 is divided by 86?
85
What is the remainder when 1111497 is divided by 2